1978 and 1014.
78
What is the greatest common factor of 19957 and 1211?
7
What is the greatest common divisor of 508 and 2667?
127
What is the highest common divisor of 574 and 2422?
14
Calculate the highest common divisor of 12975 and 125.
25
What is the greatest common divisor of 121295 and 51?
17
What is the greatest common factor of 386214 and 2478?
354
Calculate the highest common factor of 1870 and 162954.
22
What is the greatest common divisor of 28 and 77042?
14
Calculate the highest common divisor of 10990 and 19740.
70
Calculate the highest common divisor of 4394 and 3276.
26
What is the greatest common factor of 160 and 110140?
20
Calculate the highest common factor of 510748 and 37.
37
What is the greatest common divisor of 39264 and 456?
24
What is the greatest common divisor of 47117 and 7791?
371
What is the highest common divisor of 2562 and 379908?
366
Calculate the highest common divisor of 181703 and 3379.
109
Calculate the greatest common factor of 3937 and 105537.
127
What is the greatest common divisor of 6224 and 1004398?
778
Calculate the highest common factor of 37890 and 120.
30
Calculate the highest common factor of 3300693 and 33.
33
Calculate the highest common divisor of 190 and 350626.
38
What is the highest common factor of 60228 and 315?
63
Calculate the greatest common divisor of 1556 and 14012558.
778
Calculate the greatest common factor of 3354 and 6994.
26
Calculate the greatest common divisor of 1179 and 72.
9
Calculate the highest common factor of 158 and 10577784.
158
Calculate the greatest common factor of 121400 and 300.
100
Calculate the greatest common divisor of 27138 and 6.
6
What is the greatest common factor of 945 and 1965?
15
Calculate the greatest common factor of 51096 and 96.
24
Calculate the highest common factor of 8175 and 750.
75
Calculate the greatest common factor of 46914 and 126.
42
What is the highest common factor of 5670 and 40?
10
Calculate the highest common divisor of 6554 and 13978.
58
What is the greatest common factor of 2148 and 14316?
12
Calculate the highest common factor of 10944 and 11704.
152
What is the highest common divisor of 59976 and 546?
42
Calculate the greatest common factor of 395 and 158790.
395
What is the greatest common divisor of 14883 and 369?
123
What is the highest common factor of 12 and 2072?
4
What is the highest common factor of 2388 and 135519?
597
Calculate the greatest common divisor of 162058 and 2990.
598
Calculate the greatest common factor of 1134390 and 60.
30
Calculate the highest common factor of 129 and 105522.
129
What is the highest common factor of 357 and 14535?
51
What is the greatest common factor of 30304 and 544?
32
Calculate the highest common divisor of 97 and 6566900.
97
Calculate the greatest common divisor of 62 and 143375.
31
What is the highest common factor of 119 and 3400?
17
What is the highest common factor of 12705 and 19845?
105
What is the greatest common factor of 1111 and 404404?
1111
Calculate the greatest common divisor of 216 and 3776.
8
What is the highest common factor of 90 and 419190?
30
Calculate the greatest common divisor of 85 and 215.
5
Calculate the greatest common factor of 405 and 45.
45
What is the highest common divisor of 10 and 145465?
5
Calculate the greatest common factor of 291375 and 90.
45
What is the greatest common divisor of 546 and 97279?
91
What is the highest common divisor of 4850703 and 231?
33
Calculate the greatest common divisor of 1139 and 30887.
67
What is the highest common factor of 126 and 13706?
14
Calculate the highest common divisor of 22862 and 7574.
14
What is the highest common factor of 8525 and 4400?
275
What is the highest common divisor of 752 and 160024?
8
What is the greatest common divisor of 686 and 338?
2
Calculate the greatest common divisor of 1253499 and 26.
13
What is the highest common factor of 14154 and 70?
14
Calculate the greatest common divisor of 676456 and 22.
22
Calculate the greatest common divisor of 7 and 1408477.
7
Calculate the highest common divisor of 1536 and 876.
12
Calculate the highest common factor of 672 and 9072.
336
Calculate the greatest common factor of 297 and 377883.
99
Calculate the highest common divisor of 550 and 120285.
55
Calculate the greatest common divisor of 1495827 and 939.
939
What is the greatest common divisor of 119 and 68969?
17
Calculate the greatest common factor of 16 and 149656.
8
Calculate the greatest common factor of 750 and 16410.
30
What is the highest common factor of 532 and 11476?
76
Calculate the greatest common divisor of 64 and 1541728.
32
Calculate the greatest common factor of 1074 and 49046.
358
What is the greatest common factor of 711271 and 11?
11
What is the greatest common divisor of 2716 and 41516?
388
What is the greatest common divisor of 6 and 11079?
3
Calculate the highest common factor of 139330 and 610.
10
What is the greatest common factor of 492723 and 924?
231
Calculate the highest common divisor of 4 and 1444864.
4
Calculate the greatest common divisor of 2714 and 1472.
46
What is the greatest common factor of 37939 and 11?
11
Calculate the greatest common divisor of 2547229 and 17.
17
What is the highest common divisor of 35700 and 5700?
300
Calculate the greatest common factor of 63 and 3192.
21
What is the greatest common factor of 23058 and 11151?
189
Calculate the greatest common factor of 425 and 109.
1
Calculate the highest common divisor of 1744199 and 251.
251
What is the highest common factor of 12907247 and 83?
83
Calculate the greatest common divisor of 12407 and 760.
19
What is the highest common divisor of 184 and 1372?
4
What is the highest common factor of 9177 and 322?
161
Calculate the highest common factor of 8 and 157288.
8
Calculate the highest common factor of 13 and 157417.
13
Calculate the highest common factor of 10983 and 1.
1
Calculate the greatest common divisor of 1748 and 12198.
38
Calculate the greatest common factor of 13670 and 320.
10
Calculate the greatest common divisor of 19388 and 72836.
524
What is the highest common factor of 1744 and 61456?
16
Calculate the highest common factor of 351 and 51623.
13
What is the highest common divisor of 238464 and 12384?
288
What is the highest common divisor of 29341 and 793?
793
Calculate the highest common factor of 105 and 73885.
35
What is the highest common factor of 4040 and 34138?
202
Calculate the highest common divisor of 71582 and 28.
14
What is the highest common divisor of 2546 and 3838?
38
What is the greatest common divisor of 14 and 724010?
14
What is the highest common divisor of 126876 and 981?
327
What is the highest common factor of 28443 and 323?
19
Calculate the highest common factor of 86426 and 54.
2
What is the highest common divisor of 1612 and 45198?
62
What is the greatest common divisor of 9520 and 224?
112
Calculate the greatest common divisor of 3 and 5052.
3
What is the greatest common factor of 2215 and 235?
5
What is the greatest common divisor of 57 and 68457?
57
What is the greatest common divisor of 3620 and 405?
5
Calculate the greatest common divisor of 14 and 499478.
14
Calculate the greatest common factor of 515014 and 38.
38
What is the greatest common divisor of 56 and 58996?
28
What is the highest common divisor of 2553 and 207?
69
What is the highest common factor of 603432 and 578?
578
What is the highest common divisor of 1506 and 2130?
6
Calculate the highest common factor of 35576 and 376.
8
Calculate the greatest common divisor of 90156 and 132.
132
Calculate the highest common divisor of 50150 and 86730.
590
What is the highest common divisor of 1672 and 8968?
152
Calculate the highest common factor of 378600 and 400.
200
Calculate the greatest common factor of 1775 and 1225.
25
What is the greatest common divisor of 9482 and 6336?
22
Calculate the greatest common factor of 93764 and 11.
11
What is the greatest common divisor of 675 and 15381?
9
What is the greatest common factor of 174174 and 26013?
1131
Calculate the greatest common divisor of 50542 and 74.
74
What is the greatest common divisor of 3456 and 8316?
108
Calculate the greatest common factor of 2169 and 198.
9
What is the highest common divisor of 18824 and 3224?
104
Calculate the highe